{"id":26,"date":"2019-07-27T20:06:40","date_gmt":"2019-07-27T20:06:40","guid":{"rendered":"http:\/\/finina.si\/?page_id=26"},"modified":"2019-07-27T20:53:21","modified_gmt":"2019-07-27T20:53:21","slug":"home","status":"publish","type":"page","link":"https:\/\/finina.si\/","title":{"rendered":"Home"},"content":{"rendered":"<div class=\"\" style=\"\" >\n    <section class=\"u-clearfix u-image u-section-1\" id=\"sec-1b8b\" src=\"\"><div class=\"u-clearfix u-sheet u-sheet-1\">\n            <div class=\"u-align-center u-border-no-bottom u-border-no-left u-border-no-right u-border-no-top u-border-radius-20 u-container-style u-group u-shape-round u-white u-group-1\" data-animation-name=\"fadeIn\" data-animation-duration=\"1000\" data-animation-delay=\"250\" data-animation-direction=\"\">\n                <div class=\"u-container-layout u-container-layout-1\">\n                    <img src=\"http:\/\/finina.si\/wp-content\/uploads\/2019\/07\/Untitled2-1.jpg\" alt=\"\" class=\"u-expanded-width u-image u-image-default u-image-1\" data-image-width=\"741\" data-image-height=\"400\">\n                    <a href=\"#sec-b7f7\" class=\"u-btn u-button-style u-custom-color-2 u-custom-font u-font-montserrat u-btn-1\" title=\"Kontakt\">Kontakt<\/a>\n                <\/div>\n            <\/div>\n        <\/div><\/section>\n    <section class=\"u-clearfix u-custom-color-1 u-section-2\" id=\"sec-22de\"><div class=\"u-clearfix u-sheet u-sheet-1\">\n            <div class=\"u-clearfix u-gutter-0 u-layout-wrap u-layout-wrap-1\">\n                <div class=\"u-layout\">\n                    <div class=\"u-layout-row\">\n                        <div class=\"u-align-center u-container-style u-layout-cell u-left-cell u-right-cell u-size-60 u-layout-cell-1\">\n                            <div class=\"u-container-layout u-valign-middle u-container-layout-1\">\n                                <h2 class=\"u-custom-font u-font-montserrat u-subtitle u-text u-text-1\">Poskrbimo za ra\u010dunovodstvo, zato da se lahko posvetite vodenju va\u0161ega podjetja in ustvarjanju dobi\u010dka.<\/h2>\n                            <\/div>\n                        <\/div>\n                    <\/div>\n                <\/div>\n            <\/div>\n        <\/div><\/section>\n    <section class=\"u-clearfix u-section-3\" id=\"sec-73f4\"><div class=\"u-clearfix u-sheet u-sheet-1\">\n            <div class=\"u-clearfix u-expanded-width u-gutter-30 u-layout-wrap u-layout-wrap-1\">\n                <div class=\"u-layout\">\n                    <div class=\"u-layout-row\">\n                        <div class=\"u-size-30 u-size-60-md\">\n                            <div class=\"u-layout-col\">\n                                <div class=\"u-align-left u-container-style u-layout-cell u-left-cell u-size-40 u-layout-cell-1\">\n                                    <div class=\"u-container-layout\">\n                                        <div class=\"u-align-left u-border-15 u-border-custom-color-1 u-shape u-shape-1\"><\/div>\n                                        <img src=\"http:\/\/finina.si\/wp-content\/uploads\/2019\/07\/3170-1.jpg\" alt=\"\" class=\"u-align-left u-image u-image-1\" data-image-width=\"250\" data-image-height=\"167\">\n                                    <\/div>\n                                <\/div>\n                                <div class=\"u-align-center u-container-style u-layout-cell u-left-cell u-size-20 u-layout-cell-2\">\n                                    <div class=\"u-container-layout u-valign-middle u-container-layout-2\">\n                                        <h2 class=\"u-custom-font u-font-montserrat u-text u-text-custom-color-1 u-text-1\">Spoznajte svoje \u0161tevilke<\/h2>\n                                    <\/div>\n                                <\/div>\n                            <\/div>\n                        <\/div>\n                        <div class=\"u-size-30 u-size-60-md\">\n                            <div class=\"u-layout-col\">\n                                <div class=\"u-align-center u-container-style u-layout-cell u-right-cell u-size-20 u-layout-cell-3\">\n                                    <div class=\"u-container-layout u-valign-middle u-container-layout-3\">\n                                        <h2 class=\"u-custom-font u-font-montserrat u-text u-text-custom-color-1 u-text-2\">Zagotavljanje strokovnih ra\u010dunovodskih storitev<\/h2>\n                                    <\/div>\n                                <\/div>\n                                <div class=\"u-align-left u-container-style u-layout-cell u-right-cell u-size-40 u-layout-cell-4\">\n                                    <div class=\"u-container-layout\">\n                                        <div class=\"u-align-left u-border-15 u-border-custom-color-1 u-shape u-shape-2\"><\/div>\n                                        <img src=\"http:\/\/finina.si\/wp-content\/uploads\/2019\/07\/2509857-1.jpg\" alt=\"\" class=\"u-align-left u-image u-image-2\" data-image-width=\"250\" data-image-height=\"167\">\n                                    <\/div>\n                                <\/div>\n                            <\/div>\n                        <\/div>\n                    <\/div>\n                <\/div>\n            <\/div>\n        <\/div><\/section>\n    <section class=\"u-clearfix u-section-4\" id=\"sec-85b6\"><div class=\"u-clearfix u-sheet u-sheet-1\">\n            <div class=\"u-clearfix u-expanded-width-md u-expanded-width-sm u-expanded-width-xs u-gutter-30 u-layout-wrap u-layout-wrap-1\">\n                <div class=\"u-layout\">\n                    <div class=\"u-layout-row\">\n                        <div class=\"u-border-radius-30 u-container-style u-custom-color-2 u-layout-cell u-left-cell u-shape-round u-size-30 u-layout-cell-1\">\n                            <div class=\"u-container-layout u-valign-middle u-container-layout-1\">\n                                <span class=\"u-icon u-icon-circle u-text-white u-icon-1\"><svg class=\"u-svg-link\" preserveAspectRatio=\"xMidYMin slice\" viewBox=\"0 0 60 60\" style=\"\"><use xmlns:xlink=\"http:\/\/www.w3.org\/1999\/xlink\" xlink:href=\"#svg-03a4\"><\/use><\/svg><svg xmlns=\"http:\/\/www.w3.org\/2000\/svg\" xmlns:xlink=\"http:\/\/www.w3.org\/1999\/xlink\" version=\"1.1\" id=\"svg-03a4\" x=\"0px\" y=\"0px\" viewBox=\"0 0 60 60\" style=\"enable-background:new 0 0 60 60;\" xml:space=\"preserve\" class=\"u-svg-content\">\n<g>\n\t<path d=\"M42.595,0H17.405C14.977,0,13,1.977,13,4.405v51.189C13,58.023,14.977,60,17.405,60h25.189C45.023,60,47,58.023,47,55.595   V4.405C47,1.977,45.023,0,42.595,0z M15,8h30v38H15V8z M17.405,2h25.189C43.921,2,45,3.079,45,4.405V6H15V4.405   C15,3.079,16.079,2,17.405,2z M42.595,58H17.405C16.079,58,15,56.921,15,55.595V48h30v7.595C45,56.921,43.921,58,42.595,58z\"><\/path>\n\t<path d=\"M30,49c-2.206,0-4,1.794-4,4s1.794,4,4,4s4-1.794,4-4S32.206,49,30,49z M30,55c-1.103,0-2-0.897-2-2s0.897-2,2-2   s2,0.897,2,2S31.103,55,30,55z\"><\/path>\n\t<path d=\"M26,5h4c0.553,0,1-0.447,1-1s-0.447-1-1-1h-4c-0.553,0-1,0.447-1,1S25.447,5,26,5z\"><\/path>\n\t<path d=\"M33,5h1c0.553,0,1-0.447,1-1s-0.447-1-1-1h-1c-0.553,0-1,0.447-1,1S32.447,5,33,5z\"><\/path>\n\t<path d=\"M56.612,4.569c-0.391-0.391-1.023-0.391-1.414,0s-0.391,1.023,0,1.414c3.736,3.736,3.736,9.815,0,13.552   c-0.391,0.391-0.391,1.023,0,1.414c0.195,0.195,0.451,0.293,0.707,0.293s0.512-0.098,0.707-0.293   C61.128,16.434,61.128,9.085,56.612,4.569z\"><\/path>\n\t<path d=\"M52.401,6.845c-0.391-0.391-1.023-0.391-1.414,0s-0.391,1.023,0,1.414c1.237,1.237,1.918,2.885,1.918,4.639   s-0.681,3.401-1.918,4.638c-0.391,0.391-0.391,1.023,0,1.414c0.195,0.195,0.451,0.293,0.707,0.293s0.512-0.098,0.707-0.293   c1.615-1.614,2.504-3.764,2.504-6.052S54.017,8.459,52.401,6.845z\"><\/path>\n\t<path d=\"M4.802,5.983c0.391-0.391,0.391-1.023,0-1.414s-1.023-0.391-1.414,0c-4.516,4.516-4.516,11.864,0,16.38   c0.195,0.195,0.451,0.293,0.707,0.293s0.512-0.098,0.707-0.293c0.391-0.391,0.391-1.023,0-1.414   C1.065,15.799,1.065,9.72,4.802,5.983z\"><\/path>\n\t<path d=\"M9.013,6.569c-0.391-0.391-1.023-0.391-1.414,0c-1.615,1.614-2.504,3.764-2.504,6.052s0.889,4.438,2.504,6.053   c0.195,0.195,0.451,0.293,0.707,0.293s0.512-0.098,0.707-0.293c0.391-0.391,0.391-1.023,0-1.414   c-1.237-1.237-1.918-2.885-1.918-4.639S7.775,9.22,9.013,7.983C9.403,7.593,9.403,6.96,9.013,6.569z\"><\/path>\n<\/g>\n<g>\n<\/g>\n<g>\n<\/g>\n<g>\n<\/g>\n<g>\n<\/g>\n<g>\n<\/g>\n<g>\n<\/g>\n<g>\n<\/g>\n<g>\n<\/g>\n<g>\n<\/g>\n<g>\n<\/g>\n<g>\n<\/g>\n<g>\n<\/g>\n<g>\n<\/g>\n<g>\n<\/g>\n<g>\n<\/g>\n<\/svg><\/span>\n                                <h3 class=\"u-align-center u-text u-text-white u-text-1\">040 741 741<\/h3>\n                            <\/div>\n                        <\/div>\n                        <div class=\"u-align-center u-border-radius-30 u-container-style u-custom-color-1 u-layout-cell u-right-cell u-shape-round u-size-30 u-layout-cell-2\">\n                            <div class=\"u-container-layout u-valign-middle u-container-layout-2\">\n                                <span class=\"u-border-no-bottom u-border-no-left u-border-no-right u-border-no-top u-icon u-icon-circle u-spacing-0 u-text-white u-icon-2\"><svg class=\"u-svg-link\" preserveAspectRatio=\"xMidYMin slice\" viewBox=\"0 0 55.25 55.25\" style=\"\"><use xmlns:xlink=\"http:\/\/www.w3.org\/1999\/xlink\" xlink:href=\"#svg-9028\"><\/use><\/svg><svg xmlns=\"http:\/\/www.w3.org\/2000\/svg\" xmlns:xlink=\"http:\/\/www.w3.org\/1999\/xlink\" version=\"1.1\" id=\"svg-9028\" x=\"0px\" y=\"0px\" viewBox=\"0 0 55.25 55.25\" style=\"enable-background:new 0 0 55.25 55.25;\" xml:space=\"preserve\" class=\"u-svg-content\">\n<path d=\"M52.618,2.631c-3.51-3.508-9.219-3.508-12.729,0L3.827,38.693C3.81,38.71,3.8,38.731,3.785,38.749  c-0.021,0.024-0.039,0.05-0.058,0.076c-0.053,0.074-0.094,0.153-0.125,0.239c-0.009,0.026-0.022,0.049-0.029,0.075  c-0.003,0.01-0.009,0.02-0.012,0.03l-3.535,14.85c-0.016,0.067-0.02,0.135-0.022,0.202C0.004,54.234,0,54.246,0,54.259  c0.001,0.114,0.026,0.225,0.065,0.332c0.009,0.025,0.019,0.047,0.03,0.071c0.049,0.107,0.11,0.21,0.196,0.296  c0.095,0.095,0.207,0.168,0.328,0.218c0.121,0.05,0.25,0.075,0.379,0.075c0.077,0,0.155-0.009,0.231-0.027l14.85-3.535  c0.027-0.006,0.051-0.021,0.077-0.03c0.034-0.011,0.066-0.024,0.099-0.039c0.072-0.033,0.139-0.074,0.201-0.123  c0.024-0.019,0.049-0.033,0.072-0.054c0.008-0.008,0.018-0.012,0.026-0.02l36.063-36.063C56.127,11.85,56.127,6.14,52.618,2.631z   M51.204,4.045c2.488,2.489,2.7,6.397,0.65,9.137l-9.787-9.787C44.808,1.345,48.716,1.557,51.204,4.045z M46.254,18.895l-9.9-9.9  l1.414-1.414l9.9,9.9L46.254,18.895z M4.961,50.288c-0.391-0.391-1.023-0.391-1.414,0L2.79,51.045l2.554-10.728l4.422-0.491  l-0.569,5.122c-0.004,0.038,0.01,0.073,0.01,0.11c0,0.038-0.014,0.072-0.01,0.11c0.004,0.033,0.021,0.06,0.028,0.092  c0.012,0.058,0.029,0.111,0.05,0.165c0.026,0.065,0.057,0.124,0.095,0.181c0.031,0.046,0.062,0.087,0.1,0.127  c0.048,0.051,0.1,0.094,0.157,0.134c0.045,0.031,0.088,0.06,0.138,0.084C9.831,45.982,9.9,46,9.972,46.017  c0.038,0.009,0.069,0.03,0.108,0.035c0.036,0.004,0.072,0.006,0.109,0.006c0,0,0.001,0,0.001,0c0,0,0.001,0,0.001,0h0.001  c0,0,0.001,0,0.001,0c0.036,0,0.073-0.002,0.109-0.006l5.122-0.569l-0.491,4.422L4.204,52.459l0.757-0.757  C5.351,51.312,5.351,50.679,4.961,50.288z M17.511,44.809L39.889,22.43c0.391-0.391,0.391-1.023,0-1.414s-1.023-0.391-1.414,0  L16.097,43.395l-4.773,0.53l0.53-4.773l22.38-22.378c0.391-0.391,0.391-1.023,0-1.414s-1.023-0.391-1.414,0L10.44,37.738  l-3.183,0.354L34.94,10.409l9.9,9.9L17.157,47.992L17.511,44.809z M49.082,16.067l-9.9-9.9l1.415-1.415l9.9,9.9L49.082,16.067z\"><\/path>\n<g>\n<\/g>\n<g>\n<\/g>\n<g>\n<\/g>\n<g>\n<\/g>\n<g>\n<\/g>\n<g>\n<\/g>\n<g>\n<\/g>\n<g>\n<\/g>\n<g>\n<\/g>\n<g>\n<\/g>\n<g>\n<\/g>\n<g>\n<\/g>\n<g>\n<\/g>\n<g>\n<\/g>\n<g>\n<\/g>\n<\/svg><\/span>\n                                <h3 class=\"u-text u-text-white u-text-2\">nina@finina.si<\/h3>\n                            <\/div>\n                        <\/div>\n                    <\/div>\n                <\/div>\n            <\/div>\n        <\/div><\/section>\n    <section class=\"u-clearfix u-section-5\" id=\"sec-36dd\"><div class=\"u-clearfix u-sheet u-sheet-1\">\n            <div class=\"u-clearfix u-expanded-width u-gutter-30 u-layout-wrap u-layout-wrap-1\">\n                <div class=\"u-layout\">\n                    <div class=\"u-layout-row\">\n                        <div class=\"u-container-style u-expand-resize u-layout-cell u-left-cell u-size-30 u-layout-cell-1\">\n                            <div class=\"u-container-layout u-valign-middle-lg u-valign-middle-md u-valign-middle-xl u-container-layout-1\">\n                                <div class=\"u-align-left u-border-15 u-border-custom-color-2 u-shape u-shape-1\"><\/div>\n                                <img class=\"u-image u-image-1\" src=\"http:\/\/finina.si\/wp-content\/uploads\/2019\/07\/2471622-1.jpg\">\n                            <\/div>\n                        <\/div>\n                        <div class=\"u-align-center u-container-style u-layout-cell u-right-cell u-size-30 u-layout-cell-2\">\n                            <div class=\"u-container-layout u-valign-middle-lg u-valign-middle-md u-valign-middle-xl u-valign-top-sm u-valign-top-xs u-container-layout-2\">\n                                <h2 class=\"u-custom-font u-font-montserrat u-text u-text-custom-color-2 u-text-1\">Ra\u010dunovodstvo je jezik poslovanja<\/h2><a href=\"#sec-b7f7\" class=\"u-btn u-button-style u-custom-color-1 u-custom-font u-font-montserrat u-btn-1\" title=\"Kontakt\">Po\u0161lji povpra\u0161evanje<\/a>\n                            <\/div>\n                        <\/div>\n                    <\/div>\n                <\/div>\n            <\/div>\n        <\/div><\/section>\n    <section class=\"u-clearfix u-section-6\" id=\"sec-f8c9\"><div class=\"u-clearfix u-sheet u-sheet-1\">\n            <img src=\"http:\/\/finina.si\/wp-content\/uploads\/2019\/07\/COB209008-1.jpg\" alt=\"\" class=\"u-align-left u-image u-image-circle u-image-1\" data-image-width=\"245\" data-image-height=\"250\">\n            <div class=\"u-container-style u-expanded-width u-group u-group-1\">\n                <div class=\"u-container-layout u-valign-middle u-container-layout-1\">\n                    <p class=\"u-align-center u-custom-font u-font-montserrat u-large-text u-text u-text-variant u-text-1\">Medtem, ko delam s \u0161tevilkami, je moj cilj, da ra\u010dunovodsko poro\u010danje predstavlja zabavno, prijazno in donosno izku\u0161njo za moje stranke.<\/p>\n                <\/div>\n            <\/div>\n        <\/div><\/section>\n    <section class=\"u-clearfix u-image u-shading u-section-7\" src=\"\" id=\"sec-b7f7\" data-image-width=\"250\" data-image-height=\"167\"><div class=\"u-clearfix u-sheet u-sheet-1\">\n            <div class=\"u-clearfix u-expanded-width-lg u-expanded-width-md u-expanded-width-xs u-gutter-10 u-layout-wrap u-layout-wrap-1\">\n                <div class=\"u-layout\">\n                    <div class=\"u-layout-row\">\n                        <div class=\"u-align-center-xl u-align-left-lg u-align-left-md u-align-left-sm u-container-style u-layout-cell u-left-cell u-size-30 u-layout-cell-1\">\n                            <div class=\"u-container-layout u-valign-middle u-container-layout-1\">\n                                <div class=\"u-align-center u-container-style u-expanded-width u-group u-group-1\">\n                                    <div class=\"u-container-layout u-valign-middle u-container-layout-2\">\n                                        <h2 class=\"u-custom-font u-font-montserrat u-text u-text-grey-5 u-text-1\">FININA, Nina Petri\u010d s.p.&nbsp;<br><\/h2>\n                                        <p class=\"u-text u-text-white u-text-2\">Stantetova ulica 2<br>SI-2000 Maribor,&nbsp;<br><\/p>\n                                        <p class=\"u-text u-text-3\">040 741 741<br>nina@finina.si<\/p>\n                                        <p class=\"u-text u-text-4\">Dav\u010dna \u0161tevilka: 91104122&nbsp;<br>Mati\u010dna \u0161tevilka: 8344299000&nbsp;<br>IBAN: SI56 0510 0801 6414 429&nbsp;<br>SWIFT: ABANSI2X, ABANKA d.d.<\/p>\n                                    <\/div>\n                                <\/div>\n                            <\/div>\n                        <\/div>\n                        <div class=\"u-align-left u-container-style u-layout-cell u-right-cell u-size-30 u-layout-cell-2\">\n                            <div class=\"u-container-layout u-valign-middle u-container-layout-3\">\n                                <h4 class=\"u-text u-text-grey-50 u-text-5\">Kontaktni obrazec<\/h4>\n                                <div class=\"u-expanded-width u-form u-form-1\">\n                                    <form action=\"#nina@finina.si\" method=\"POST\" class=\"u-clearfix u-form-spacing-15 u-form-vertical u-inner-form\" source=\"custom\">\n                                        <div class=\"u-form-group u-form-name\">\n                                            <label for=\"name-fd99\" class=\"u-custom-font u-form-control-hidden u-heading-font u-label u-text-white u-label-1\">Name<\/label>\n                                            <input type=\"text\" placeholder=\"Ime\" id=\"name-fd99\" name=\"name\" class=\"u-border-1 u-border-white u-custom-font u-heading-font u-input u-input-rectangle u-input-1\" required=\"\">\n                                        <\/div>\n                                        <div class=\"u-form-email u-form-group\">\n                                            <label for=\"email-fd99\" class=\"u-custom-font u-form-control-hidden u-heading-font u-label u-text-white u-label-2\">Email<\/label>\n                                            <input type=\"email\" placeholder=\"Email\" id=\"email-fd99\" name=\"email\" class=\"u-border-1 u-border-white u-custom-font u-heading-font u-input u-input-rectangle u-input-2\" required=\"\">\n                                        <\/div>\n                                        \n                                        \n                                        <div class=\"u-form-group u-form-message\">\n                                            <label for=\"message-fd99\" class=\"u-custom-font u-form-control-hidden u-heading-font u-label u-text-white u-label-3\">Message<\/label>\n                                            <textarea placeholder=\"Sporo\u010dilo\" rows=\"4\" cols=\"50\" id=\"message-fd99\" name=\"message\" class=\"u-border-1 u-border-white u-custom-font u-heading-font u-input u-input-rectangle u-input-3\" required=\"\"><\/textarea>\n                                        <\/div>\n                                        \n                                        <div class=\"u-form-group u-form-submit\">\n                                            <a href=\"#\" class=\"u-active-grey-50 u-btn u-btn-submit u-button-style u-custom-font u-grey-50 u-heading-font u-hover-grey-25 u-text-black u-btn-1\">PO\u0160LJI<\/a>\n                                            <input type=\"submit\" value=\"submit\" class=\"u-border-custom-color-2 u-custom-font u-form-control-hidden u-heading-font\" style=\"font-weight: 400;\">\n                                        <\/div>\n                                        <div class=\"u-form-send-message u-form-send-success\">Hvala. Va\u0161e sporo\u010dilo je bilo poslano.<\/div>\n                                        <div class=\"u-form-send-error u-form-send-message\">Va\u0161e sporo\u010dilo ni bilo poslano.<\/div>\n                                    <\/form>\n                                <\/div>\n                            <\/div>\n                        <\/div>\n                    <\/div>\n                <\/div>\n            <\/div>\n        <\/div><\/section>\n<\/div>","protected":false},"excerpt":{"rendered":"<p>Kontakt Poskrbimo za ra\u010dunovodstvo, zato da se lahko posvetite vodenju va\u0161ega podjetja in ustvarjanju dobi\u010dka. Spoznajte svoje \u0161tevilke Zagotavljanje strokovnih ra\u010dunovodskih storitev 040 741 741 nina@finina.si Ra\u010dunovodstvo je jezik poslovanjaPo\u0161lji povpra\u0161evanje Medtem, ko delam s \u0161tevilkami, je moj cilj, da ra\u010dunovodsko poro\u010danje predstavlja zabavno, prijazno in donosno izku\u0161njo za moje stranke. FININA, Nina Petri\u010d s.p.&nbsp; &hellip; <a href=\"https:\/\/finina.si\/\" class=\"more-link\">Continue reading<span class=\"screen-reader-text\"> &#8220;Home&#8221;<\/span><\/a><\/p>\n","protected":false},"author":1,"featured_media":0,"parent":0,"menu_order":1,"comment_status":"closed","ping_status":"closed","template":"","meta":[],"_links":{"self":[{"href":"https:\/\/finina.si\/index.php?rest_route=\/wp\/v2\/pages\/26"}],"collection":[{"href":"https:\/\/finina.si\/index.php?rest_route=\/wp\/v2\/pages"}],"about":[{"href":"https:\/\/finina.si\/index.php?rest_route=\/wp\/v2\/types\/page"}],"author":[{"embeddable":true,"href":"https:\/\/finina.si\/index.php?rest_route=\/wp\/v2\/users\/1"}],"replies":[{"embeddable":true,"href":"https:\/\/finina.si\/index.php?rest_route=%2Fwp%2Fv2%2Fcomments&post=26"}],"version-history":[{"count":5,"href":"https:\/\/finina.si\/index.php?rest_route=\/wp\/v2\/pages\/26\/revisions"}],"predecessor-version":[{"id":60,"href":"https:\/\/finina.si\/index.php?rest_route=\/wp\/v2\/pages\/26\/revisions\/60"}],"wp:attachment":[{"href":"https:\/\/finina.si\/index.php?rest_route=%2Fwp%2Fv2%2Fmedia&parent=26"}],"curies":[{"name":"wp","href":"https:\/\/api.w.org\/{rel}","templated":true}]}}